tors of 268452336.
2, 3, 5592757
What are the prime factors of 501331983?
3, 101, 1654561
List the prime factors of 191024173.
191024173
What are the prime factors of 1171961516?
2, 11, 277, 96157
What are the prime factors of 248289485?
5, 23, 47, 71, 647
What are the prime factors of 263197093?
967, 272179
List the prime factors of 87238095.
3, 5, 7, 830839
List the prime factors of 55107014.
2, 101, 272807
What are the prime factors of 1479497177?
41, 3823, 9439
What are the prime factors of 383855698?
2, 223, 860663
What are the prime factors of 211678829?
19, 1613, 6907
What are the prime factors of 81056031?
3, 7, 107, 36073
List the prime factors of 76086568.
2, 1433, 6637
What are the prime factors of 455021536?
2, 53, 268291
List the prime factors of 2024890310.
2, 5, 202489031
List the prime factors of 1358573582.
2, 679286791
List the prime factors of 390876998.
2, 613, 318823
What are the prime factors of 1279273598?
2, 71, 9008969
What are the prime factors of 568823184?
2, 3, 3950161
What are the prime factors of 90408919?
43, 2102533
What are the prime factors of 44116497?
3, 101, 48533
What are the prime factors of 99452482?
2, 17, 1279, 2287
List the prime factors of 73657061.
73657061
What are the prime factors of 98203348?
2, 167, 147011
What are the prime factors of 4764832820?
2, 5, 11, 29, 746839
List the prime factors of 80735973.
3, 109, 246899
List the prime factors of 348078157.
7, 19, 2617129
List the prime factors of 5555118000.
2, 3, 5, 47, 19699
List the prime factors of 516210785.
5, 4373, 23609
What are the prime factors of 633004722?
2, 3, 7, 19, 79, 3347
List the prime factors of 1178742759.
3, 17293, 22721
List the prime factors of 250974945.
3, 5, 13, 429017
What are the prime factors of 19555521?
3, 6518507
What are the prime factors of 22493552?
2, 103, 13649
What are the prime factors of 1068191922?
2, 3, 7, 25433141
What are the prime factors of 6878073040?
2, 5, 8101, 10613
What are the prime factors of 2331825150?
2, 3, 5, 15545501
List the prime factors of 3479410021.
373, 1303, 7159
What are the prime factors of 325310049?
3, 1667, 21683
What are the prime factors of 35897496?
2, 3, 1223
List the prime factors of 388355396.
2, 11, 13, 678943
What are the prime factors of 75462341?
75462341
List the prime factors of 733898609.
733898609
List the prime factors of 604731632.
2, 31, 41, 131, 227
List the prime factors of 2160855035.
5, 432171007
What are the prime factors of 144718377?
3, 71, 659, 1031
List the prime factors of 1172279737.
1172279737
What are the prime factors of 1416216215?
5, 2837, 99839
What are the prime factors of 54404161?
7, 1110289
What are the prime factors of 54793129?
383, 143063
List the prime factors of 735464436.
2, 3, 7, 8755529
What are the prime factors of 3974933370?
2, 3, 5, 17, 23, 107, 3167
List the prime factors of 187487923.
7, 26783989
List the prime factors of 927986468.
2, 231996617
List the prime factors of 266447967.
3, 4951, 17939
What are the prime factors of 670857086?
2, 335428543
What are the prime factors of 1148248544?
2, 17, 2110751
List the prime factors of 929691186.
2, 3, 154948531
What are the prime factors of 1495586674?
2, 2777, 269281
List the prime factors of 34423852.
2, 8605963
What are the prime factors of 2609796105?
3, 5, 7, 18787
List the prime factors of 1106410843.
1106410843
What are the prime factors of 81842777?
17, 283193
What are the prime factors of 4812332271?
3, 1613, 994489
List the prime factors of 525605830.
2, 5, 17, 3091799
List the prime factors of 1386420708.
2, 3, 9371, 12329
List the prime factors of 966706907.
966706907
List the prime factors of 6932936528.
2, 7, 229, 270311
List the prime factors of 162451294.
2, 81225647
What are the prime factors of 206911284?
2, 3, 17, 59663
What are the prime factors of 763521348?
2, 3, 643, 98953
What are the prime factors of 330313157?
19, 127, 136889
List the prime factors of 1010496500.
2, 5, 13, 155461
What are the prime factors of 3202344102?
2, 3, 5051, 105667
What are the prime factors of 4983536?
2, 331, 941
What are the prime factors of 41122199?
569, 72271
List the prime factors of 206934031.
149, 1388819
List the prime factors of 555685664.
2, 17, 31, 83, 397
What are the prime factors of 38941434?
2, 3, 7, 309059
List the prime factors of 1837020589.
1837020589
What are the prime factors of 204737896?
2, 11, 2326567
What are the prime factors of 261193141?
11, 2158621
List the prime factors of 178167729.
3, 23, 131, 857
List the prime factors of 114649508.
2, 59, 167, 2909
What are the prime factors of 1915474243?
1915474243
List the prime factors of 4353452341.
7, 621921763
List the prime factors of 2247100985.
5, 449420197
List the prime factors of 118046583.
3, 227, 57781
List the prime factors of 661667318.
2, 13, 71, 227, 1579
What are the prime factors of 61914399?
3, 131, 157543
What are the prime factors of 42720756?
2, 3, 13, 53, 5167
List the prime factors of 38349528.
2, 3, 7, 53, 59, 73
What are the prime factors of 50417428?
2, 29, 149, 2917
List the prime factors of 4013460757.
4013460757
List the prime factors of 66736684.
2, 7, 41, 61, 953
List the prime factors of 5469876008.
2, 23, 29727587
List the prime factors of 123547221.
3, 7, 29, 22541
List the prime factors of 1119231272.
2, 139903909
What are the prime factors of 190502978?
2, 95251489
List the prime factors of 155698627.
7, 37, 157, 547
List the prime factors of 35606506.
2, 13, 37, 37013
List the prime factors of 834433514.
2, 23, 18139859
What are the prime factors of 3067994630?
2, 5, 929, 330247
What are the prime factors of 2611485844?
2, 11, 29, 577, 3547
What are the prime factors of 11836469?
11836469
List the prime factors of 692809653.
3, 17, 2269, 5987
List the prime factors of 73542705.
3, 5, 107, 45821
List the prime factors of 3676401906.
2, 3, 612733651
What are the prime factors of 2617914960?
2, 3, 5, 59, 61627
List the prime factors of 3819088576.
2, 293, 203663
What are the prime factors of 134784818?
2, 7, 113, 85199
List the prime factors of 376749928.
2, 59, 798199
What are the prime factors of 133923594?
2, 3, 7, 3188657
List the prime factors of 6051813986.
2, 17, 31, 5741759
List the prime factors of 537594804.
2, 3, 14933189
What are the prime factors of 136507591?
11, 73, 139, 1223
What are the prime factors of 672203109?
3, 19, 109, 108193
What are the prime factors of 47765837?
7, 157, 887
What are the prime factors of 1970358638?
2, 139, 227, 31223
What are the prime factors of 207719604?
2, 3, 401, 14389
What are the prime factors of 23162211?
3, 17, 47, 3221
List the prime factors of 2213310966.
2, 3, 368885161
List the prime factors of 5822629754.
2, 199, 14629723
List the prime factors of 75833923.
11, 17, 405529
List the prime factors of 37204683.
3, 47, 263863
What are the prime factors of 202225030?
2, 5, 7, 17, 169937
What are the prime factors of 134919734?
2, 67459867
List the prime factors of 195814721.
17, 139, 173, 479
What are the prime factors of 459409598?
2, 17, 13512047
List the prime factors of 20505939.
3, 6835313
What are the prime factors of 1713816842?
2, 491, 1745231
What are the prime factors of 7228792213?
29, 249268697
What are the prime factors of 2409718386?
2, 3, 6343, 63317
What are the prime factors of 15479179?
139, 193, 577
List the prime factors of 21276281.
13, 1636637
What are the prime factors of 1626455616?
2, 3, 2333, 3631
List the prime factors of 65230955.
5, 17, 767423
List the prime factors of 75182152.
2, 29, 367, 883
What are the prime factors of 408425222?
2, 137, 1490603
What are the prime factors of 1395931517?
3041, 459037
What are the prime factors of 159823345?
5, 11, 19, 152941
What are the prime factors of 1818443439?
3, 41, 547559
What are the prime factors of 71496906?
2, 3, 13, 67, 13681
What are the prime factors of 315997231?
11, 919, 31259
List the prime factors of 78705588.
2, 3, 13, 504523
List the prime factors of 419482840.
2, 5, 7, 1498153
List the prime factors of 483651301.
7, 353, 195731
List the prime factors of 147703584.
2, 3, 7, 219797
What are the prime factors of 255278283?
3, 13, 431, 15187
What are the prime factors of 1092218152?
2, 2113, 64613
List the prime factors of 3429741.
3